e units digit of b(-2)?
4
Let m(j) = -j**3 + 7*j**2 + 21*j - 27. Let n be m(9). Let t(x) = 2*x**2 + 2*x. Let c be t(-2). Suppose -r + 4 + c = n. What is the units digit of r?
8
Suppose 36*s - 32*s = 212. Suppose 2*b - 161 = -s. What is the units digit of b?
4
Suppose 562 = 3*g - 977. What is the hundreds digit of g?
5
Let n be (-30)/(-45) + 1228/3. Suppose -n = -4*q + 3*a - 17, -4*q + 4*a = -396. What is the tens digit of q?
9
Let p(t) = t**2 + 8*t + 2. Let r be p(-8). Suppose -92 = -2*s - r*s. What is the tens digit of s - (-3 - (0 - 4))?
2
Let j(d) be the second derivative of -d**5/20 + 7*d**4/12 + 4*d**3/3 + 2*d**2 - 3*d. Let q be j(8). Suppose q*t - 130 = -t. What is the units digit of t?
6
Let z(p) = 3*p + 4. Let y be z(5). Let t(q) = 3*q**2 + 3*q + 2. Let c be t(-1). Suppose w - 10 = 2*d - 2, 5*d + y = c*w. What is the units digit of w?
2
Let w(m) = 195*m + 236. What is the tens digit of w(4)?
1
Suppose -2*s + 5*y = -37, 2*s - 28 = -s + 2*y. Suppose 0 - s = -3*j. Suppose -36 = b - 4*b + 3*k, 14 = j*b - 4*k. What is the tens digit of b?
1
Suppose -223*q + 224*q = 5513. What is the units digit of q?
3
Let b be (-16)/12*(-6 - 3). Suppose 0 = -8*h + b*h - 196. What is the tens digit of h?
4
Let f = 34 - 22. Let m be (15/f)/(3/(-156)). Let s = 2 - m. What is the tens digit of s?
6
Suppose 2*n + 2*n - 8 = 0. Suppose 5*t + 150 = 4*t + l, 0 = n*l - 4. What is the tens digit of (4/8)/((-2)/t)?
3
What is the units digit of ((-713)/2 + 1)/(60/(-80))?
4
Let k(j) = j**3 + 23*j**2 + 44*j - 21. What is the hundreds digit of k(-20)?
2
Suppose -1029 = 3*f + 2*q, 0 = -q - 3*q. Let c = f - -495. What is the hundreds digit of c?
1
Let p = 320 + 122. What is the hundreds digit of p?
4
Let k(x) = -3*x + 10. Let j be k(4). Let w be -3 - (-4 - -214)/j. Let r = w - 43. What is the tens digit of r?
5
Suppose 5*a + 0*s + 5*s - 8670 = 0, 5*s = 0. What is the tens digit of a?
3
Let a(g) = -g**3 - 5*g**2 + 11*g + 27. Let h be a(-6). What is the tens digit of ((-1040)/(-3))/2 - 2/h?
7
Let r(u) = 5*u + 50. Let f be r(-10). Suppose -22*j + 18*j + 1080 = f. What is the units digit of j?
0
Suppose d - 3*o - 2*o - 13 = 0, 32 = -d - 4*o. Let n(x) = -x**3 - 12*x**2 - 5*x - 12. What is the tens digit of n(d)?
4
Suppose 10*b - 1810 = 5*b. Suppose 2 = 2*l, 5*y + l + l = b. What is the units digit of y?
2
Let z(r) = -19*r**2 + 2 + 10 + 6*r**3 + 3 - 2*r - 7*r**3. What is the units digit of z(-19)?
3
What is the units digit of 1291*(-6 - -8 - 1)?
1
Let b be (-15 + -1)/(5/85*-2). Suppose -d - 3*d + 142 = 2*l, -b = -2*l + 2*d. What is the units digit of l?
9
Let t = -78 + 744. What is the tens digit of t?
6
Suppose y - 730 = v, 5*v - 6*v = 0. What is the units digit of y?
0
Let f = 3927 - 2746. What is the thousands digit of f?
1
Suppose 6*d - 15760 = -10*d. What is the tens digit of d?
8
Suppose u + 8 = 5*u. Let q(d) = 3*d**2 + d + 3. Let r be q(u). What is the tens digit of (-3)/(-3)*r + -1?
1
Suppose -9226 = -2*d - 5*k, -3*d + 3*k = -4748 - 9112. What is the units digit of d?
8
Let c(p) = 3*p - 3*p - 2 + 2*p - 4*p. Let u be c(2). What is the units digit of 7/21 - 118/u?
0
Suppose -2752 + 668 = -k. What is the hundreds digit of k?
0
Let t be (2*(-3 + 1))/(-1). Suppose 0 = j - 47 + 163. What is the units digit of (-2)/t - j/8?
4
Suppose 0*f - 5*r = -2*f - 7, -4*f + 3*r = 21. Let j = 37 - f. What is the tens digit of j?
4
Suppose 5*f = -4*m + 2*m + 685, 3*m = -3*f + 402. What is the units digit of f?
9
Let u(j) = -j**2 - j + 1740. Let q be u(0). Suppose -q = -5*r - r. What is the units digit of r?
0
Suppose 0*l = -3*l - 9. Let b be 3/1 + 0 + l. Suppose -5*s + 3*z + 49 = b, -3*s + 52 = -3*z + 19. What is the units digit of s?
8
Let w be 15 + (1 - (-2 - -7)). Suppose 4*b = w*b - 630. What is the units digit of b?
0
Let q(j) = 4*j - 2. Let d be 6/15*(-35)/(-14). Let n be q(d). Suppose n*y = -4*y + 180. What is the units digit of y?
0
Let r(d) = -3*d - 15. Let p be r(-10). Let m = p - 11. Suppose z - 18 = 2*y + 21, 0 = -z + m*y + 35. What is the units digit of z?
3
Let g(i) = -4*i + 6. Suppose r + 2*p = 3, 4*p + 6 = -r + 15. Let x(d) = -d + 1. Let u(h) = r*g(h) + 15*x(h). What is the units digit of u(-3)?
6
Suppose -5 = -0*p + 5*p. What is the units digit of (-1)/((-5)/(-355)*p)?
1
Suppose 8*i - 827 = -131. What is the tens digit of i?
8
Let f(i) = 6*i + 3. Let g(d) = -2. Let a(v) = -2*f(v) - 2*g(v). What is the tens digit of a(-4)?
4
Let c = -17 + 36. Suppose -105 = -3*t - 2*g, -2*g - c = -t + 8. What is the units digit of t?
3
Suppose 0*y + 5*y = 4*o + 32, y - 16 = 4*o. Let d(u) = 6*u**2 - y*u**2 + u + 0*u**2 - 1 + 2*u**2. What is the units digit of d(1)?
4
Let s(j) = 27*j**2 + 35*j - 12. What is the units digit of s(-9)?
0
Let c be (2 - (-62)/4)*8/10. Suppose 0*d = d - c. What is the units digit of d?
4
Let b(p) = -48*p - 10. Let s be b(-3). Suppose f = 3*w + s, f - 5*w - 107 - 25 = 0. What is the tens digit of f?
3
Let n(u) = u**2 - u + 1. Let b be (0 + 2 + -1)/1. Let p(f) = -2*f**2 - 9*f - 4. Let j(t) = b*p(t) + n(t). What is the units digit of j(-9)?
6
Let q(z) = 16*z**2 + z + 3. Let u be (-6)/(-9) + (-14)/(-6) + -1. What is the units digit of q(u)?
9
Let c be (12/(-15))/(12/(-3090)). Suppose -5*a + 2*o + c = 0, 0*a = -2*a + 3*o + 78. Suppose 1 + a = y. What is the tens digit of y?
4
Let v be 0*(-1)/(-2)*2. Suppose -39*g + p - 201 = -44*g, -5*g + 2*p = -213. Suppose 3*h - g - 31 = v. What is the tens digit of h?
2
Let m(o) = o**3 + 10*o**2 + 9*o + 1. Let f be m(-9). Let x be ((-16)/12 + f)*-18. Let z = x + 5. What is the units digit of z?
1
Let h = -454 - -442. Let d(z) be the third derivative of -z**4/12 + z**3/2 + 2*z**2. What is the units digit of d(h)?
7
Let y(w) = -2*w**3 - 75*w**2 - 55*w + 22. What is the tens digit of y(-37)?
8
Let r(d) = 6*d**3 - 10*d**2 + 46*d - 54. What is the units digit of r(8)?
6
Let c = -4200 - -6071. What is the hundreds digit of c?
8
Let g = -41 + 50. Suppose 3*r = -3*h + g, 0 = -4*r - h - h + 18. What is the units digit of r?
6
Suppose 3*o - 319 = -304. Suppose 5*k = -5*t + 1415, 0*k = -k - o*t + 287. What is the hundreds digit of k?
2
Let g(o) = 7*o**2 - 21*o**3 - 5*o + 3*o + 22*o**3 - 3*o - 5. Let n(r) = 5*r - 2. Let x be n(-1). What is the units digit of g(x)?
0
Let h = 77 - -361. What is the hundreds digit of h?
4
Let k be -4 + (-20)/1 + 2. Let n = k - -70. What is the tens digit of n?
4
Let r(n) = n**3 + 9*n**2 - 2*n + 16. Let o be r(-9). Suppose 38*j - o*j = 996. What is the hundreds digit of j?
2
Suppose -60 = -4*b - 0*b. Suppose -13*g + b*g = 180. What is the units digit of g?
0
Let x(j) = j**3 + j**2 - 3*j + 1. Let f be x(-2). Let g(p) = -18*p + 1. Let k be g(-3). Suppose 3*h + f*i + k = 5*h, -2*i = -6. What is the tens digit of h?
3
Let p(k) = -9*k + 9. Let f be p(1). Suppose -5*a + d + 986 = f, a + 0*d = -d + 202. What is the tens digit of a?
9
Suppose 0 = -3*x + 40 + 158. Let t = 229 - x. What is the hundreds digit of t?
1
Suppose 11 = -2*a + 4*t - 5, 2*t = 3*a + 8. Suppose 3*v = -5*s + 342, a*v - v = 1. Let n = -33 + s. What is the units digit of n?
6
Let s = 40 - 25. Let z = s + -10. Suppose -x = -z - 3. What is the units digit of x?
8
Let k = -6257 + 9116. What is the units digit of k?
9
Let r = -15 - 14. Let n = -3 - r. What is the units digit of n?
6
Let u(i) = 42*i**3 + i + 1. What is the units digit of u(1)?
4
Suppose -5*a + 854 = -131. What is the units digit of a?
7
What is the tens digit of -3*(8/(-1) + (-1243)/11)?
6
Let b(a) = 4*a - 148. Let g(z) = -1. Let l(j) = -b(j) - 2*g(j). What is the hundreds digit of l(0)?
1
Let b be -65*-2*(-1)/(-2) - -2. Let m = 6 + b. What is the tens digit of m?
7
Let i be (-2)/5 - (-74)/10. Let n(w) = -w**3 + 8*w + 9. Let u be n(-1). Suppose -u*q = -i - 1. What is the units digit of q?
4
Let n = -127 + 251. Suppose -76 = -4*j - 5*u, 5*j + u - 2*u = n. What is the units digit of j?
4
Let p(n) = -2*n**2 + 12*n + 7. Let x(f) = -f**2 + 9*f - 14. Let c be x(6). What is the tens digit of p(c)?
2
What is the units digit of 498/(-4)*(-2 + 3 - 3)?
9
Let a = 8 - -17. Suppose -2*b + 165 = -a. Suppose -b = -4*k - r, 5*k - 5*r = 38 + 62. What is the units digit of k?
3
Suppose 0 = 3*o + 5*k + 1 + 5, 0 = 3*o - 3*k + 6. Suppose -2*i - 6 = 3*p - 3*i, -p + 14 = 5*i. What is the tens digit of (p - 0)*o + 25